ided by 104.
101
What is the remainder when 657 is divided by 28?
13
Calculate the remainder when 768 is divided by 189.
12
Calculate the remainder when 32329 is divided by 359.
19
Calculate the remainder when 7464 is divided by 267.
255
What is the remainder when 14104 is divided by 2514?
1534
Calculate the remainder when 13376 is divided by 672.
608
Calculate the remainder when 7790 is divided by 84.
62
Calculate the remainder when 30751 is divided by 7667.
83
What is the remainder when 3026 is divided by 62?
50
What is the remainder when 1416 is divided by 16?
8
Calculate the remainder when 4048 is divided by 1313.
109
What is the remainder when 5903 is divided by 60?
23
What is the remainder when 478138 is divided by 130?
128
What is the remainder when 871 is divided by 279?
34
What is the remainder when 99659 is divided by 99?
65
Calculate the remainder when 77354 is divided by 81.
80
Calculate the remainder when 64099 is divided by 200.
99
What is the remainder when 200942 is divided by 360?
62
Calculate the remainder when 2296 is divided by 458.
6
What is the remainder when 4330 is divided by 846?
100
What is the remainder when 12250 is divided by 73?
59
What is the remainder when 3329 is divided by 555?
554
Calculate the remainder when 345419 is divided by 1025.
1019
Calculate the remainder when 4841 is divided by 4798.
43
What is the remainder when 150044 is divided by 282?
20
What is the remainder when 63450 is divided by 42?
30
Calculate the remainder when 44560 is divided by 22252.
56
Calculate the remainder when 4821 is divided by 790.
81
What is the remainder when 5340 is divided by 5269?
71
Calculate the remainder when 34804 is divided by 1582.
0
What is the remainder when 6487 is divided by 2966?
555
What is the remainder when 7764 is divided by 114?
12
What is the remainder when 25919 is divided by 91?
75
Calculate the remainder when 65867 is divided by 184.
179
Calculate the remainder when 4362 is divided by 422.
142
Calculate the remainder when 243633 is divided by 706.
63
Calculate the remainder when 4395 is divided by 64.
43
Calculate the remainder when 155072 is divided by 15506.
12
What is the remainder when 10418 is divided by 11?
1
Calculate the remainder when 478589 is divided by 159519.
32
What is the remainder when 203802 is divided by 29113?
11
What is the remainder when 36854 is divided by 380?
374
Calculate the remainder when 100001 is divided by 108.
101
What is the remainder when 70925 is divided by 5?
0
Calculate the remainder when 275879 is divided by 10.
9
What is the remainder when 1241 is divided by 99?
53
What is the remainder when 37509 is divided by 337?
102
Calculate the remainder when 24183 is divided by 4758.
393
Calculate the remainder when 796813 is divided by 6.
1
Calculate the remainder when 32204 is divided by 13.
3
Calculate the remainder when 69404 is divided by 30.
14
What is the remainder when 32839 is divided by 56?
23
Calculate the remainder when 10309 is divided by 264.
13
What is the remainder when 7187 is divided by 3?
2
What is the remainder when 101785 is divided by 13?
8
Calculate the remainder when 147164 is divided by 31.
7
What is the remainder when 18954 is divided by 81?
0
What is the remainder when 320 is divided by 137?
46
Calculate the remainder when 6398 is divided by 50.
48
Calculate the remainder when 31938 is divided by 10646.
0
Calculate the remainder when 148009 is divided by 73999.
11
What is the remainder when 1015144 is divided by 29?
28
Calculate the remainder when 205973 is divided by 306.
35
Calculate the remainder when 9247 is divided by 30.
7
What is the remainder when 4581794 is divided by 141?
140
What is the remainder when 2514 is divided by 499?
19
Calculate the remainder when 208042 is divided by 1078.
1066
Calculate the remainder when 5737 is divided by 143.
17
Calculate the remainder when 3961 is divided by 1486.
989
What is the remainder when 359333 is divided by 296?
285
What is the remainder when 37853 is divided by 7558?
63
What is the remainder when 5735 is divided by 312?
119
What is the remainder when 212665 is divided by 544?
505
Calculate the remainder when 64570 is divided by 12909.
25
Calculate the remainder when 10450 is divided by 649.
66
What is the remainder when 8940642 is divided by 315?
312
What is the remainder when 25797 is divided by 168?
93
What is the remainder when 1252522 is divided by 197?
193
What is the remainder when 65681 is divided by 1822?
89
Calculate the remainder when 1220 is divided by 842.
378
What is the remainder when 507996 is divided by 500?
496
What is the remainder when 463460 is divided by 115?
10
Calculate the remainder when 1190 is divided by 345.
155
Calculate the remainder when 6653 is divided by 814.
141
Calculate the remainder when 50892 is divided by 3.
0
Calculate the remainder when 74457 is divided by 17.
14
Calculate the remainder when 32813 is divided by 1241.
547
Calculate the remainder when 8795 is divided by 808.
715
Calculate the remainder when 15087 is divided by 2978.
197
What is the remainder when 40169 is divided by 4?
1
Calculate the remainder when 16125 is divided by 74.
67
What is the remainder when 748896 is divided by 100?
96
What is the remainder when 241496 is divided by 16?
8
What is the remainder when 157032 is divided by 142?
122
What is the remainder when 2312 is divided by 757?
41
Calculate the remainder when 12414 is divided by 544.
446
What is the remainder when 8091 is divided by 134?
51
What is the remainder when 4631722 is divided by 25?
22
What is the remainder when 448042 is divided by 31?
30
Calculate the remainder when 276522 is divided by 336.
330
Calculate the remainder when 1982 is divided by 201.
173
Calculate the remainder when 68803 is divided by 217.
14
Calculate the remainder when 58410 is divided by 68.
66
Calculate the remainder when 58232 is divided by 2530.
42
What is the remainder when 60707 is divided by 8668?
31
What is the remainder when 43623 is divided by 436?
23
What is the remainder when 1397 is divided by 100?
97
Calculate the remainder when 2842893 is divided by 37.
35
Calculate the remainder when 19336 is divided by 9636.
64
Calculate the remainder when 45360 is divided by 116.
4
Calculate the remainder when 241034 is divided by 1062.
1022
What is the remainder when 15905 is divided by 139?
59
Calculate the remainder when 5455 is divided by 300.
55
Calculate the remainder when 50744 is divided by 12656.
120
Calculate the remainder when 14374 is divided by 689.
594
What is the remainder when 2004 is divided by 155?
144
Calculate the remainder when 167426 is divided by 31.
26
What is the remainder when 73355 is divided by 3056?
11
What is the remainder when 138059 is divided by 20?
19
Calculate the remainder when 17334 is divided by 241.
223
Calculate the remainder when 18830 is divided by 940.
30
What is the remainder when 16668 is divided by 32?
28
Calculate the remainder when 39855 is divided by 9895.
275
Calculate the remainder when 1435772 is divided by 11.
8
Calculate the remainder when 11326 is divided by 47.
46
What is the remainder when 2806 is divided by 1393?
20
Calculate the remainder when 7212 is divided by 58.
20
What is the remainder when 24833 is divided by 401?
372
Calculate the remainder when 160068 is divided by 91.
90
What is the remainder when 57920 is divided by 175?
170
What is the remainder when 4127 is divided by 281?
193
What is the remainder when 2248 is divided by 111?
28
What is the remainder when 3286 is divided by 164?
6
What is the remainder when 3767 is divided by 1465?
837
Calculate the remainder when 6135 is divided by 62.
59
What is the remainder when 2977 is divided by 303?
250
Calculate the remainder when 1001 is divided by 193.
36
Calculate the remainder when 1855 is divided by 914.
27
Calculate the remainder when 5925 is divided by 26.
23
What is the remainder when 36827 is divided by 38?
5
What is the remainder when 149827 is divided by 29965?
2
What is the remainder when 26505 is divided by 99?
72
Calculate the remainder when 1329329 is divided by 219.
218
What is the remainder when 5149 is divided by 112?
109
Calculate the remainder when 48373 is divided by 417.
1
What is the remainder when 4980 is divide